-1258 - -1275. Calculate the remainder when i is divided by r.
9
Let p(t) = 27*t - 657. Calculate the remainder when p(25) is divided by 14*(12/8)/3.
4
Let o = -153 + 174. Calculate the remainder when 334 is divided by o.
19
What is the remainder when 14/(-133) - (9428/(-38) + 3) is divided by 28?
21
Let s(i) = 65 - 82 - 4*i + 9*i. Calculate the remainder when 38 is divided by s(5).
6
Suppose -3*w + 34 = 2*w + 3*j, 4*w - 5*j = 5. Suppose -4*o = w*d - 115, 3*o - d - 31 = 2*o. Calculate the remainder when o is divided by (0 + 2)/(2/17).
13
Suppose 2*d = -0*d - 5*k + 346, -3*d + 2*k = -481. Suppose -6*l = -2*l - 5*n - 655, l = n + d. Calculate the remainder when l is divided by 54.
52
Let s(n) = 2*n**3 + 2*n**2 - 1. Let j be s(1). Suppose 5*y + 2 = j*y - 3*i, 4*y = -4*i. Let l = 8 - 6. Calculate the remainder when y is divided by l.
0
Suppose -c - 2*c = -3*i - 12, 2*c - 13 = -3*i. Suppose 0 = c*a - 3*a + 10. What is the remainder when 28 is divided by (-4 + 3)*a*2?
8
Suppose 36*s - 1537 = -421. Calculate the remainder when 91 is divided by s.
29
Suppose 16 = s + 3*s. Let t = -12 + 41. What is the remainder when t is divided by (-18)/s*(-10)/3?
14
Suppose -2 = -w - 0, -l - 3*w = -113. Calculate the remainder when l is divided by 10.
7
Let p be 5/3 - (-6)/18. Suppose 0 = 5*j - p*j. Suppose -4*i - 5*y + 3 = j, 6*i + y - 23 = 2*i. What is the remainder when i is divided by 5?
2
Suppose 1028*g - 1016*g - 4332 = 0. Calculate the remainder when g is divided by 62.
51
Let p = -55 + 119. What is the remainder when 251 is divided by p?
59
Let w be ((-7)/3)/(3/(-54)). Suppose 72*t = 78*t - w. Calculate the remainder when 45 is divided by t.
3
Let d(f) = 5*f**2 - 105*f - 414. Suppose 5*h + 0*l - l - 132 = 0, -3*h + l = -80. Calculate the remainder when d(25) is divided by h.
8
Calculate the remainder when 143 is divided by 10*9*5/18.
18
Suppose 3*m - 12 = -5*n, 5*m = -3*n + m + 5. Suppose 8*i - n*i + 20 = 0. Let o = -1 - i. Calculate the remainder when o is divided by 2.
1
Suppose 16 = -5*u + 7*u. Let f be 4 + -1 + u/8. Suppose -117 = -f*y + 11. Calculate the remainder when y is divided by 11.
10
Let t = 850 - 84. What is the remainder when t is divided by 12?
10
Let c be 2/6 - (0 - 5/3). Suppose f - 5*f = -32. What is the remainder when ((-3)/c)/((-9)/168) + 3 is divided by f?
7
Suppose 4*p - 150 = -p. Let o(a) = -a + 9. What is the remainder when (-106)/(-10) + p/75 is divided by o(5)?
3
Let t(j) = j - 18. Let y be t(18). Suppose y = 2*h - 4*h + 102. Let a = -30 + 56. Calculate the remainder when h is divided by a.
25
Let i(d) = -d**2 + 3*d + 1. Let b be i(3). Calculate the remainder when ((-27)/2)/((-2)/4) is divided by (-1)/((4/(-60))/b).
12
Suppose 0 = i - 4*j - 32, -2*i - 5*j + 0*j = -12. Calculate the remainder when 127 is divided by i.
15
What is the remainder when 49 is divided by 6/8*3080/231?
9
Let t(q) = 3*q**2 + q + 1. Calculate the remainder when t(-3) is divided by (54/(-8))/3*(-9 - -5).
7
Let g = -18 - -28. Suppose -g = -2*c + 4*b, -4*c + 20 = -0*b + 4*b. Calculate the remainder when 38 is divided by c.
3
Let h(d) = 2*d**2 + 9*d - 5. Let c be h(-5). Suppose -v + 2*l + 9 = c, 5 = 4*l - 3. What is the remainder when 34 is divided by v?
8
Let u(n) = n**2 + 6*n - 166. Let f be u(0). Let y = f + 169. Suppose -4*i - 20 = -64. What is the remainder when i is divided by y?
2
Let s = 41 + 24. Suppose 0 = 6*l - 311 - 25. Suppose x - l = -34. What is the remainder when s is divided by x?
21
Let c = 171 + 2. Let j = c + -51. What is the remainder when j is divided by 156/5 + (-1)/5?
29
Let s(v) = 8*v**2 - v**2 - v + 9 - 3*v**2. What is the remainder when 189 is divided by s(-3)?
45
Suppose 3*l = -4*z + 11 + 12, z = -3*l + 17. What is the remainder when (z*-1)/((49/455)/(-7)) is divided by 44?
42
Let c = -33 + 9. Suppose 124 = 3*p + 19. Calculate the remainder when p is divided by 20*1/4*c/(-10).
11
Let z(k) = 2*k**3 - 12*k**2 - 4*k + 15. Let c be z(6). What is the remainder when (34/4)/((-5)/(-10)) is divided by c/(-2)*8/6?
5
Calculate the remainder when -4 - ((-2)/(-12) - 26495/210) is divided by 25.
22
Let v be (-20)/30*27/(-2). Suppose 0 = -5*l + v*l + 80. Calculate the remainder when 49 is divided by 10/(-20)*1*l.
9
Suppose 3*w + 12 = 7*w. Let r = -24 + 21. What is the remainder when (0 + 1)*r*-1 is divided by w?
0
Let s = -920 + 971. What is the remainder when 407 is divided by s?
50
Let o be -1 + (-10 - (-3 + 1)). Let d(n) = -6*n - 12. Let m be d(o). What is the remainder when 21 is divided by (m/(-10) - -3)*-5?
3
Let z = 535 - 523. What is the remainder when 203 is divided by z?
11
Let z = -58 + 153. Let u = 97 - z. What is the remainder when 28 is divided by u?
0
Suppose 2*d - 700 = 8. Suppose y = 2*f - 0*y - 141, 0 = 5*f - 2*y - d. Calculate the remainder when f is divided by 19.
15
Suppose 11*u - 259 = 170. Calculate the remainder when 184 is divided by u.
28
Let f = 665 + -637. Calculate the remainder when 208 is divided by f.
12
Let f = 49 + 848. What is the remainder when f is divided by 15?
12
Suppose -4*p - 3*g = -12, 0 = p - 4*g + 1 - 4. Let h(t) = 111 - t**3 - t**p + t**3. What is the remainder when h(0) is divided by 28?
27
Let u(m) = m**3 - 10*m**2 + 2*m - 12. Suppose -2*b + 32 + 3 = 5*v, 4*v = 12. Calculate the remainder when 22 is divided by u(b).
6
Calculate the remainder when 36873/221 + (-4)/(-26) is divided by 42.
41
Let s(n) = 4*n**2 + 10*n - 1. Let z be s(-5). Suppose 5*f - 6 = z. Suppose j = -0 + 2, 5*u + j - 32 = 0. What is the remainder when f is divided by u?
5
Let g(k) = 254*k + 40. What is the remainder when g(2) is divided by 10?
8
Suppose -8*b = -7*b. Suppose 2*m - 52 - 32 = b. What is the remainder when 207 is divided by m?
39
Let g(c) = -c - 3. Let m = 25 - -5. Calculate the remainder when (56/(-10))/((-12)/m) is divided by g(-7).
2
Let l = -9 - -1. Let q(t) = -4*t**2 - 32*t + 11. Calculate the remainder when 14 is divided by q(l).
3
Let p(b) = 5*b - 4. Let o = -17 - -20. Suppose 17 = -2*i + 101. Calculate the remainder when i is divided by p(o).
9
Let v = -763 - -789. What is the remainder when 90 is divided by v?
12
Let c(z) = 5*z**3 + 3*z - 3. Let q be c(1). Suppose -101 = -5*u - 4*p, 9*u - q*p = 4*u + 65. What is the remainder when 61 is divided by u?
10
Let n(p) = -p**2 - 7*p + 1. Let b(z) = z**2 + 12*z - 7. Let q be b(-12). Let m be n(q). Suppose 4*w = m + 31. What is the remainder when 21 is divided by w?
5
Let m(l) = -l**2 - 3*l + 2. Let o be m(-3). Let s = 7 + o. Suppose 27*f - 308 - 151 = 0. What is the remainder when f is divided by s?
8
Suppose 5*d - 4*j - 26 = 0, -d = 2*j - 0 + 6. Let y = -1 - -6. Calculate the remainder when y is divided by d.
1
Let o(n) = n + 52. Calculate the remainder when 627 is divided by o(38).
87
Let o = 111 - 111. Let r(h) = h + 47. What is the remainder when 233 is divided by r(o)?
45
Suppose -1 = t - 25. Let b = 0 - -5. Suppose x + k - 8 = 0, k + k - 43 = -b*x. What is the remainder when t is divided by x?
6
Suppose 3*a - 4 = -3*z - 2*a, 0 = -z + 2*a + 5. Suppose 4*x = -s + 34, x + 0*x - z = 0. Calculate the remainder when s is divided by 6.
4
Suppose 3*b = 2*v + b - 6, 0 = 3*v + b - 13. Suppose -4*s = 30 - 158. Suppose o - s = -17. Calculate the remainder when o is divided by v.
3
Suppose 1856 = 6*b - 904. What is the remainder when b is divided by 11?
9
Let h(i) = -i**3 + 13*i**2 - 3*i + 44. Suppose n + 0*n - 6 = 0. What is the remainder when n is divided by h(13)?
1
Suppose -8*p + 444 - 100 = 0. Calculate the remainder when 146 is divided by p.
17
Suppose 28*u = 880 + 1920. Calculate the remainder when 495 is divided by u.
95
Let r(i) be the second derivative of 26*i**3/3 - 4*i**2 + 5*i. Let j be r(4). Suppose -j = 3*f - 7*f. What is the remainder when f is divided by 18?
14
Let n(h) = -2*h**2 + 46*h - 65. Let i be n(21). Suppose 4*j = -0*j + 20. Let v = i + j. What is the remainder when 69 is divided by v?
21
Let l = 45 - 43. Suppose 2*h + 0*j - 18 = j, -l*h = j - 22. Calculate the remainder when 27 is divided by h.
7
Let r be 8*27/42*21/2. Suppose 2*v - r = -2*a, 5*v + 2*a = -0*a + 120. What is the remainder when 131 is divided by v?
21
Suppose -77*n = -6126 - 1266. What is the remainder when 184 is divided by n?
88
Suppose 0 = 83*z - 159 - 422. Let l(i) = i**3 + 2*i*